{"id":2,"date":"2013-07-17T15:29:30","date_gmt":"2013-07-17T15:29:30","guid":{"rendered":"https:\/\/www.larosearchitecture.com\/?page_id=2"},"modified":"2022-10-06T05:26:37","modified_gmt":"2022-10-06T05:26:37","slug":"accueil","status":"publish","type":"page","link":"https:\/\/www.larosearchitecture.com\/fr\/","title":{"rendered":"Accueil"},"content":{"rendered":"<div id=\"metaslider-id-1251\" style=\"width: 100%;\" class=\"ml-slider-3-90-1 metaslider metaslider-flex metaslider-1251 ml-slider ms-theme-default\" role=\"region\" aria-roledescription=\"Slideshow\" aria-label=\"New Slideshow\">\n    <div id=\"metaslider_container_1251\">\n        <div id=\"metaslider_1251\">\n            <ul class='slides'>\n                <li style=\"display: block; width: 100%;\" class=\"slide-1252 ms-image \" aria-roledescription=\"slide\" aria-label=\"slide-1252\"><img loading=\"lazy\" decoding=\"async\" src=\"https:\/\/www.larosearchitecture.com\/wp-content\/uploads\/2018\/05\/PageTitre_03-700x400.jpg\" height=\"400\" width=\"700\" alt=\"\" class=\"slider-1251 slide-1252\" title=\"PageTitre_03\" \/><\/li>\n                <li style=\"display: none; width: 100%;\" class=\"slide-1253 ms-image \" aria-roledescription=\"slide\" aria-label=\"slide-1253\"><img loading=\"lazy\" decoding=\"async\" src=\"https:\/\/www.larosearchitecture.com\/wp-content\/uploads\/2018\/05\/PageTitre_02-700x400.jpg\" height=\"400\" width=\"700\" alt=\"\" class=\"slider-1251 slide-1253\" title=\"PageTitre_02\" \/><\/li>\n                <li style=\"display: none; width: 100%;\" class=\"slide-1254 ms-image \" aria-roledescription=\"slide\" aria-label=\"slide-1254\"><img loading=\"lazy\" decoding=\"async\" src=\"https:\/\/www.larosearchitecture.com\/wp-content\/uploads\/2018\/05\/PageTitre_01-700x400.jpg\" height=\"400\" width=\"700\" alt=\"\" class=\"slider-1251 slide-1254\" title=\"PageTitre_01\" \/><\/li>\n            <\/ul>\n        <\/div>\n        \n    <\/div>\n<\/div>\n<h1>Penser \u2013 Concevoir \u2013 Construire<\/h1>\n<p><!--\n\n\n<p style=\"text-align: left;\"><em><strong>Penser \u2013 Concevoir \u2013 Construire<\/strong><\/em><\/p>\n\n\n\n--><\/p>\n<p class=\"first-letter\" style=\"text-align: left;\">La pratique de Larose architecture est centr\u00e9e sur la conception, l\u2019\u00e9laboration, la planification, la r\u00e9alisation et la gestion de projets de r\u00e9novation, d\u2019agrandissement et de construction neuve dans les secteurs r\u00e9sidentiel, commercial et institutionnel. Notre objectif est d\u2019apporter un haut niveau de raffinement au geste initial intuitif pour \u00e9laborer des solutions spatiales simples et \u00e9pur\u00e9es alliant un esth\u00e9tisme plastique et un rationalisme fonctionnel.<\/p>\n<p><!-- [gallery ids=\"1074,1075,1076\"] --><\/p>\n","protected":false},"excerpt":{"rendered":"<p>Bienvenue sur notre site. Nous sommes des architectes passionn\u00e9s dont la mission est d\u2019accompagner nos clients dans la concr\u00e9tisation d\u2019un r\u00eave, la r\u00e9alisation d\u2019un projet ou l\u2019am\u00e9nagement d\u2019un site par une intervention misant sur l\u2019int\u00e9grit\u00e9 de l\u2019ensemble et le souci&nbsp;du&nbsp;d\u00e9tail.<\/p>\n","protected":false},"author":2,"featured_media":0,"parent":0,"menu_order":0,"comment_status":"open","ping_status":"open","template":"","meta":{"footnotes":""},"class_list":["post-2","page","type-page","status-publish","hentry"],"_links":{"self":[{"href":"https:\/\/www.larosearchitecture.com\/fr\/wp-json\/wp\/v2\/pages\/2"}],"collection":[{"href":"https:\/\/www.larosearchitecture.com\/fr\/wp-json\/wp\/v2\/pages"}],"about":[{"href":"https:\/\/www.larosearchitecture.com\/fr\/wp-json\/wp\/v2\/types\/page"}],"author":[{"embeddable":true,"href":"https:\/\/www.larosearchitecture.com\/fr\/wp-json\/wp\/v2\/users\/2"}],"replies":[{"embeddable":true,"href":"https:\/\/www.larosearchitecture.com\/fr\/wp-json\/wp\/v2\/comments?post=2"}],"version-history":[{"count":46,"href":"https:\/\/www.larosearchitecture.com\/fr\/wp-json\/wp\/v2\/pages\/2\/revisions"}],"predecessor-version":[{"id":2254,"href":"https:\/\/www.larosearchitecture.com\/fr\/wp-json\/wp\/v2\/pages\/2\/revisions\/2254"}],"wp:attachment":[{"href":"https:\/\/www.larosearchitecture.com\/fr\/wp-json\/wp\/v2\/media?parent=2"}],"curies":[{"name":"wp","href":"https:\/\/api.w.org\/{rel}","templated":true}]}}

<div id="metaslider-id-1251" style="width: 100%;" class="ml-slider-3-90-1 metaslider metaslider-flex metaslider-1251 ml-slider ms-theme-default" role="region" aria-roledescription="Slideshow" aria-label="New Slideshow">
    <div id="metaslider_container_1251">
        <div id="metaslider_1251">
            <ul class='slides'>
                <li style="display: block; width: 100%;" class="slide-1252 ms-image " aria-roledescription="slide" aria-label="slide-1252"><img loading="lazy" decoding="async" src="https://www.larosearchitecture.com/wp-content/uploads/2018/05/PageTitre_03-700x400.jpg" height="400" width="700" alt="" class="slider-1251 slide-1252" title="PageTitre_03" /></li>
                <li style="display: none; width: 100%;" class="slide-1253 ms-image " aria-roledescription="slide" aria-label="slide-1253"><img loading="lazy" decoding="async" src="https://www.larosearchitecture.com/wp-content/uploads/2018/05/PageTitre_02-700x400.jpg" height="400" width="700" alt="" class="slider-1251 slide-1253" title="PageTitre_02" /></li>
                <li style="display: none; width: 100%;" class="slide-1254 ms-image " aria-roledescription="slide" aria-label="slide-1254"><img loading="lazy" decoding="async" src="https://www.larosearchitecture.com/wp-content/uploads/2018/05/PageTitre_01-700x400.jpg" height="400" width="700" alt="" class="slider-1251 slide-1254" title="PageTitre_01" /></li>
            </ul>
        </div>
        
    </div>
</div>
<h1>Penser – Concevoir – Construire</h1>
<p><!--


<p style="text-align: left;"><em><strong>Penser – Concevoir – Construire</strong></em></p>



--></p>
<p class="first-letter" style="text-align: left;">La pratique de Larose architecture est centrée sur la conception, l’élaboration, la planification, la réalisation et la gestion de projets de rénovation, d’agrandissement et de construction neuve dans les secteurs résidentiel, commercial et institutionnel. Notre objectif est d’apporter un haut niveau de raffinement au geste initial intuitif pour élaborer des solutions spatiales simples et épurées alliant un esthétisme plastique et un rationalisme fonctionnel.</p>
<p><!-- [gallery ids="1074,1075,1076"] --></p>

<p>Bienvenue sur notre site. Nous sommes des architectes passionnés dont la mission est d’accompagner nos clients dans la concrétisation d’un rêve, la réalisation d’un projet ou l’aménagement d’un site par une intervention misant sur l’intégrité de l’ensemble et le souci&nbsp;du&nbsp;détail.</p>
